{"id":176,"date":"2025-07-02T20:02:49","date_gmt":"2025-07-02T18:02:49","guid":{"rendered":"https:\/\/netzwerkgesundehochschulennord.de\/?page_id=176"},"modified":"2026-04-02T11:41:19","modified_gmt":"2026-04-02T09:41:19","slug":"kontakt","status":"publish","type":"page","link":"https:\/\/netzwerkgesundehochschulennord.de\/?page_id=176","title":{"rendered":"Kontakt \u2014 Unser Team"},"content":{"rendered":"\n<div style=\"height:4em\" aria-hidden=\"true\" class=\"wp-block-spacer\"><\/div>\n\n\n\n<main class=\"wp-block-group alignwide has-global-padding is-layout-constrained wp-container-core-group-is-layout-9a4f38d0 wp-block-group-is-layout-constrained\" style=\"margin-top:0;margin-bottom:0;padding-right:0;padding-left:0\">\n<div class=\"wp-block-group alignwide has-global-padding is-layout-constrained wp-container-core-group-is-layout-a5dd074b wp-block-group-is-layout-constrained\">\n<p class=\"has-text-align-center has-heading-font-family\" style=\"margin-top:0;margin-bottom:0;font-size:clamp(1.93rem, 1.93rem + ((1vw - 0.2rem) * 2.45), 3.4rem);\"><strong><mark style=\"background-color:rgba(0, 0, 0, 0);color:#2b3f8a\" class=\"has-inline-color\">Unser Team<\/mark><\/strong><\/p>\n<\/div>\n<\/main>\n\n\n\n<div class=\"wp-block-group alignfull has-global-padding is-layout-constrained wp-block-group-is-layout-constrained\">\n<div class=\"wp-block-columns alignfull are-vertically-aligned-bottom is-layout-flex wp-container-core-columns-is-layout-28f84493 wp-block-columns-is-layout-flex\">\n<div class=\"wp-block-column is-vertically-aligned-bottom is-layout-flow wp-block-column-is-layout-flow\" style=\"flex-basis:5%\"><\/div>\n\n\n\n<div class=\"wp-block-column is-vertically-aligned-bottom is-layout-flow wp-block-column-is-layout-flow\" style=\"flex-basis:90%\">\n<figure class=\"wp-block-image aligncenter size-full is-resized\"><img loading=\"lazy\" decoding=\"async\" width=\"1920\" height=\"2560\" src=\"https:\/\/netzwerkgesundehochschulennord.de\/wp-content\/uploads\/2025\/07\/Bild-Gesamtes-Team-mit-TK-scaled.jpeg\" alt=\"\" class=\"wp-image-199\" style=\"aspect-ratio:1.7777777777777777;object-fit:cover;width:1099px;height:auto\" srcset=\"https:\/\/netzwerkgesundehochschulennord.de\/wp-content\/uploads\/2025\/07\/Bild-Gesamtes-Team-mit-TK-scaled.jpeg 1920w, https:\/\/netzwerkgesundehochschulennord.de\/wp-content\/uploads\/2025\/07\/Bild-Gesamtes-Team-mit-TK-225x300.jpeg 225w, https:\/\/netzwerkgesundehochschulennord.de\/wp-content\/uploads\/2025\/07\/Bild-Gesamtes-Team-mit-TK-768x1024.jpeg 768w, https:\/\/netzwerkgesundehochschulennord.de\/wp-content\/uploads\/2025\/07\/Bild-Gesamtes-Team-mit-TK-1152x1536.jpeg 1152w, https:\/\/netzwerkgesundehochschulennord.de\/wp-content\/uploads\/2025\/07\/Bild-Gesamtes-Team-mit-TK-1536x2048.jpeg 1536w\" sizes=\"auto, (max-width: 1920px) 100vw, 1920px\" \/><\/figure>\n<\/div>\n\n\n\n<div class=\"wp-block-column is-vertically-aligned-bottom is-layout-flow wp-block-column-is-layout-flow\" style=\"flex-basis:5%\"><\/div>\n<\/div>\n\n\n\n<div class=\"wp-block-columns alignfull has-small-font-size is-layout-flex wp-container-core-columns-is-layout-e9d33037 wp-block-columns-is-layout-flex\" style=\"margin-bottom:0;padding-top:0;padding-right:var(--wp--preset--spacing--50);padding-bottom:0;padding-left:var(--wp--preset--spacing--50)\">\n<div class=\"wp-block-column has-text-color has-link-color has-medium-font-size wp-elements-a3a0736712c8f4311e9371b8383130f2 is-layout-flow wp-block-column-is-layout-flow\" style=\"border-style:none;border-width:0px;border-radius:0px;color:#000000;padding-top:0.5em;padding-right:0.5em;padding-bottom:0.5em;padding-left:0.5em\"><\/div>\n\n\n\n<div class=\"wp-block-column has-text-color has-medium-font-size is-layout-flow wp-block-column-is-layout-flow\" style=\"border-style:none;border-width:0px;border-radius:0px;color:#000000;padding-top:0em;padding-right:0.5em;padding-bottom:0em;padding-left:0.5em\">\n<h2 class=\"wp-block-heading has-text-align-center is-style-default\" id=\"single\" style=\"font-size:clamp(0.875em, 0.875rem + ((1vw - 0.2em) * 0.208), 1em);\"><strong><mark style=\"background-color:rgba(0, 0, 0, 0);color:#2b3f8a\" class=\"has-inline-color\">Team der NGH-Nord mit der TK<\/mark><\/strong><\/h2>\n<\/div>\n\n\n\n<div class=\"wp-block-column has-text-color has-link-color has-medium-font-size wp-elements-08bf882a39d0d8fa1a197058f94be16b is-layout-flow wp-block-column-is-layout-flow\" style=\"border-style:none;border-width:0px;border-radius:0px;color:#000000;padding-top:0.5em;padding-right:0.5em;padding-bottom:0.5em;padding-left:0.5em\"><\/div>\n<\/div>\n<\/div>\n\n\n\n<div style=\"height:4em\" aria-hidden=\"true\" class=\"wp-block-spacer\"><\/div>\n\n\n\n<div class=\"wp-block-group alignwide has-global-padding is-layout-constrained wp-block-group-is-layout-constrained\">\n<main class=\"wp-block-group alignwide has-global-padding is-layout-constrained wp-container-core-group-is-layout-9a4f38d0 wp-block-group-is-layout-constrained\" style=\"margin-top:0;margin-bottom:0;padding-right:0;padding-left:0\">\n<div class=\"wp-block-group alignwide has-global-padding is-layout-constrained wp-container-core-group-is-layout-a5dd074b wp-block-group-is-layout-constrained\">\n<p class=\"has-text-align-center has-heading-font-family\" style=\"margin-top:0;margin-bottom:0;font-size:clamp(1.93rem, 1.93rem + ((1vw - 0.2rem) * 2.45), 3.4rem);\"><strong><mark style=\"background-color:rgba(0, 0, 0, 0);color:#2b3f8a\" class=\"has-inline-color\"><strong>Das Koordinationsteam des Netzwerks:&nbsp;<\/strong><\/mark><\/strong><\/p>\n<\/div>\n<\/main>\n\n\n\n<div class=\"wp-block-group alignfull has-global-padding is-layout-constrained wp-block-group-is-layout-constrained\">\n<div class=\"wp-block-columns alignwide is-layout-flex wp-container-core-columns-is-layout-28f84493 wp-block-columns-is-layout-flex\">\n<div class=\"wp-block-column is-layout-flow wp-block-column-is-layout-flow\" style=\"flex-basis:33%\">\n<figure class=\"wp-block-image size-large\"><img loading=\"lazy\" decoding=\"async\" width=\"739\" height=\"1024\" src=\"https:\/\/netzwerkgesundehochschulennord.de\/wp-content\/uploads\/2025\/07\/Maike-W-739x1024.jpg\" alt=\"\" class=\"wp-image-189\" style=\"aspect-ratio:1;object-fit:cover\" srcset=\"https:\/\/netzwerkgesundehochschulennord.de\/wp-content\/uploads\/2025\/07\/Maike-W-739x1024.jpg 739w, https:\/\/netzwerkgesundehochschulennord.de\/wp-content\/uploads\/2025\/07\/Maike-W-217x300.jpg 217w, https:\/\/netzwerkgesundehochschulennord.de\/wp-content\/uploads\/2025\/07\/Maike-W-768x1064.jpg 768w, https:\/\/netzwerkgesundehochschulennord.de\/wp-content\/uploads\/2025\/07\/Maike-W-1109x1536.jpg 1109w, https:\/\/netzwerkgesundehochschulennord.de\/wp-content\/uploads\/2025\/07\/Maike-W-1479x2048.jpg 1479w, https:\/\/netzwerkgesundehochschulennord.de\/wp-content\/uploads\/2025\/07\/Maike-W.jpg 1535w\" sizes=\"auto, (max-width: 739px) 100vw, 739px\" \/><\/figure>\n<\/div>\n\n\n\n<div class=\"wp-block-column is-layout-flow wp-block-column-is-layout-flow\" style=\"flex-basis:33%\">\n<figure class=\"wp-block-image size-full\"><img loading=\"lazy\" decoding=\"async\" width=\"336\" height=\"406\" src=\"https:\/\/netzwerkgesundehochschulennord.de\/wp-content\/uploads\/2025\/07\/Niklas-W.png\" alt=\"\" class=\"wp-image-191\" style=\"aspect-ratio:1;object-fit:cover\" srcset=\"https:\/\/netzwerkgesundehochschulennord.de\/wp-content\/uploads\/2025\/07\/Niklas-W.png 336w, https:\/\/netzwerkgesundehochschulennord.de\/wp-content\/uploads\/2025\/07\/Niklas-W-248x300.png 248w\" sizes=\"auto, (max-width: 336px) 100vw, 336px\" \/><\/figure>\n<\/div>\n\n\n\n<div class=\"wp-block-column is-layout-flow wp-block-column-is-layout-flow\" style=\"flex-basis:33%\">\n<figure class=\"wp-block-image size-large\"><img loading=\"lazy\" decoding=\"async\" width=\"2560\" height=\"1707\" src=\"https:\/\/netzwerkgesundehochschulennord.de\/wp-content\/uploads\/2025\/10\/Bewerbungsbild-Niklas-Braehler-Dieling-Kopie-edited-scaled.jpeg\" alt=\"\" class=\"wp-image-667\" style=\"aspect-ratio:1;object-fit:cover\" srcset=\"https:\/\/netzwerkgesundehochschulennord.de\/wp-content\/uploads\/2025\/10\/Bewerbungsbild-Niklas-Braehler-Dieling-Kopie-edited-scaled.jpeg 2560w, https:\/\/netzwerkgesundehochschulennord.de\/wp-content\/uploads\/2025\/10\/Bewerbungsbild-Niklas-Braehler-Dieling-Kopie-edited-300x200.jpeg 300w, https:\/\/netzwerkgesundehochschulennord.de\/wp-content\/uploads\/2025\/10\/Bewerbungsbild-Niklas-Braehler-Dieling-Kopie-edited-1024x683.jpeg 1024w, https:\/\/netzwerkgesundehochschulennord.de\/wp-content\/uploads\/2025\/10\/Bewerbungsbild-Niklas-Braehler-Dieling-Kopie-edited-768x512.jpeg 768w, https:\/\/netzwerkgesundehochschulennord.de\/wp-content\/uploads\/2025\/10\/Bewerbungsbild-Niklas-Braehler-Dieling-Kopie-edited-1536x1024.jpeg 1536w, https:\/\/netzwerkgesundehochschulennord.de\/wp-content\/uploads\/2025\/10\/Bewerbungsbild-Niklas-Braehler-Dieling-Kopie-edited-2048x1366.jpeg 2048w\" sizes=\"auto, (max-width: 2560px) 100vw, 2560px\" \/><\/figure>\n<\/div>\n<\/div>\n\n\n\n<div class=\"wp-block-columns alignfull are-vertically-aligned-top has-small-font-size is-layout-flex wp-container-core-columns-is-layout-5a67ddcc wp-block-columns-is-layout-flex\" style=\"margin-bottom:0;padding-right:var(--wp--preset--spacing--50);padding-left:var(--wp--preset--spacing--50)\">\n<div class=\"wp-block-column is-vertically-aligned-top has-text-color has-link-color has-medium-font-size wp-elements-7c64bc244bf3acbe737ebb78a427059f is-layout-flow wp-block-column-is-layout-flow\" style=\"border-style:none;border-width:0px;border-radius:0px;color:#000000;padding-top:0.5em;padding-right:0.5em;padding-bottom:0.5em;padding-left:0.5em\">\n<h2 class=\"wp-block-heading has-text-align-center is-style-default\" id=\"single\" style=\"font-size:clamp(0.929em, 0.929rem + ((1vw - 0.2em) * 0.785), 1.4em);\"><mark style=\"background-color:rgba(0, 0, 0, 0);color:#2b3f8a\" class=\"has-inline-color\"><strong>Prof.in Dr.in Maike Wagenaar<\/strong><\/mark><br><mark style=\"background-color:rgba(0, 0, 0, 0);color:#2b3f8a\" class=\"has-inline-color\">Projektleitung<\/mark><\/h2>\n<\/div>\n\n\n\n<div class=\"wp-block-column is-vertically-aligned-top has-text-color has-medium-font-size is-layout-flow wp-block-column-is-layout-flow\" style=\"border-style:none;border-width:0px;border-radius:0px;color:#000000;padding-top:0.5em;padding-right:0.5em;padding-bottom:0.5em;padding-left:0.5em\">\n<h2 class=\"wp-block-heading has-text-align-center is-style-default\" id=\"single\" style=\"font-size:clamp(0.929em, 0.929rem + ((1vw - 0.2em) * 0.785), 1.4em);\"><mark style=\"background-color: rgba(0, 0, 0, 0);\" class=\"has-inline-color\"><strong style=\"color: rgb(43, 63, 138);\">Niklas Wittber<\/strong><\/mark><\/h2>\n<\/div>\n\n\n\n<div class=\"wp-block-column is-vertically-aligned-top has-text-color has-link-color has-medium-font-size wp-elements-456e0bd248eab2ac1a83a659e7550b83 is-layout-flow wp-block-column-is-layout-flow\" style=\"border-style:none;border-width:0px;border-radius:0px;color:#000000;padding-top:0.5em;padding-right:0.5em;padding-bottom:0.5em;padding-left:0.5em\">\n<h2 class=\"wp-block-heading has-text-align-center is-style-default\" id=\"single\" style=\"font-size:clamp(0.929em, 0.929rem + ((1vw - 0.2em) * 0.785), 1.4em);\"><mark style=\"background-color:rgba(0, 0, 0, 0);color:#2b3f8a\" class=\"has-inline-color\"><strong>Niklas Br\u00e4hler-Dieling<\/strong><\/mark><\/h2>\n<\/div>\n<\/div>\n\n\n\n<div style=\"height:25px\" aria-hidden=\"true\" class=\"wp-block-spacer\"><\/div>\n\n\n\n<div class=\"wp-block-columns alignwide is-layout-flex wp-container-core-columns-is-layout-28f84493 wp-block-columns-is-layout-flex\">\n<div class=\"wp-block-column is-layout-flow wp-block-column-is-layout-flow\" style=\"flex-basis:33%\">\n<figure class=\"wp-block-image size-full\"><img loading=\"lazy\" decoding=\"async\" width=\"783\" height=\"876\" src=\"https:\/\/netzwerkgesundehochschulennord.de\/wp-content\/uploads\/2025\/09\/image1-2.jpg\" alt=\"\" class=\"wp-image-426\" style=\"aspect-ratio:1;object-fit:cover\" srcset=\"https:\/\/netzwerkgesundehochschulennord.de\/wp-content\/uploads\/2025\/09\/image1-2.jpg 783w, https:\/\/netzwerkgesundehochschulennord.de\/wp-content\/uploads\/2025\/09\/image1-2-268x300.jpg 268w, https:\/\/netzwerkgesundehochschulennord.de\/wp-content\/uploads\/2025\/09\/image1-2-768x859.jpg 768w\" sizes=\"auto, (max-width: 783px) 100vw, 783px\" \/><\/figure>\n<\/div>\n\n\n\n<div class=\"wp-block-column is-layout-flow wp-block-column-is-layout-flow\" style=\"flex-basis:33%\">\n<figure class=\"wp-block-image size-large\"><img decoding=\"async\" src=\"https:\/\/www.imb.org\/students\/wp-content\/uploads\/sites\/4\/2023\/08\/woman-head-silhouette-png-black-and-white-download-female-silhouette-head-11563010560sqe7wt34hg.png\" alt=\"\" style=\"aspect-ratio:1;object-fit:cover\"\/><\/figure>\n<\/div>\n\n\n\n<div class=\"wp-block-column is-layout-flow wp-block-column-is-layout-flow\" style=\"flex-basis:33%\"><\/div>\n<\/div>\n\n\n\n<div class=\"wp-block-columns alignfull are-vertically-aligned-top has-small-font-size is-layout-flex wp-container-core-columns-is-layout-5a67ddcc wp-block-columns-is-layout-flex\" style=\"margin-bottom:0;padding-right:var(--wp--preset--spacing--50);padding-left:var(--wp--preset--spacing--50)\">\n<div class=\"wp-block-column is-vertically-aligned-top has-text-color has-link-color has-medium-font-size wp-elements-5fe346d239c4cd606922de53b02a89be is-layout-flow wp-block-column-is-layout-flow\" style=\"border-style:none;border-width:0px;border-radius:0px;color:#000000;padding-top:0.5em;padding-right:0.5em;padding-bottom:0.5em;padding-left:0.5em\">\n<h2 class=\"wp-block-heading has-text-align-center is-style-default\" id=\"single\" style=\"font-size:clamp(0.929em, 0.929rem + ((1vw - 0.2em) * 0.785), 1.4em);\"><mark style=\"background-color:rgba(0, 0, 0, 0);color:#2b3f8a\" class=\"has-inline-color\"><strong>Adri\u00e1n Valdez<\/strong><\/mark><\/h2>\n<\/div>\n\n\n\n<div class=\"wp-block-column is-vertically-aligned-top has-text-color has-medium-font-size is-layout-flow wp-block-column-is-layout-flow\" style=\"border-style:none;border-width:0px;border-radius:0px;color:#000000;padding-top:0.5em;padding-right:0.5em;padding-bottom:0.5em;padding-left:0.5em\">\n<h2 class=\"wp-block-heading has-text-align-center is-style-default\" id=\"single\" style=\"font-size:clamp(0.929em, 0.929rem + ((1vw - 0.2em) * 0.785), 1.4em);\"><mark style=\"background-color:rgba(0, 0, 0, 0);color:#2b3f8a\" class=\"has-inline-color\"><strong>Annika K\u00f6hler<\/strong><\/mark><\/h2>\n<\/div>\n\n\n\n<div class=\"wp-block-column is-vertically-aligned-top has-text-color has-link-color has-medium-font-size wp-elements-c937e93cca4a6d48f6cd6f662f03d8e9 is-layout-flow wp-block-column-is-layout-flow\" style=\"border-style:none;border-width:0px;border-radius:0px;color:#000000;padding-top:0.5em;padding-right:0.5em;padding-bottom:0.5em;padding-left:0.5em\">\n<h2 class=\"wp-block-heading has-text-align-center is-style-default\" id=\"single\" style=\"font-size:clamp(0.929em, 0.929rem + ((1vw - 0.2em) * 0.785), 1.4em);\"><\/h2>\n<\/div>\n<\/div>\n<\/div>\n\n\n\n<div style=\"height:25px\" aria-hidden=\"true\" class=\"wp-block-spacer\"><\/div>\n\n\n\n<p class=\"has-text-align-center has-medium-font-size\">Email:<strong> <mark style=\"background-color:rgba(0, 0, 0, 0);color:#2b3f8a\" class=\"has-inline-color\">f5-netzwerknord@hs-hannover.de<\/mark><\/strong><\/p>\n<\/div>\n\n\n\n<div style=\"height:3em\" aria-hidden=\"true\" class=\"wp-block-spacer\"><\/div>\n\n\n\n<hr class=\"wp-block-separator has-text-color has-alpha-channel-opacity has-background is-style-wide\" style=\"background-color:#2b3f8a;color:#2b3f8a\"\/>\n\n\n\n<div style=\"height:3em\" aria-hidden=\"true\" class=\"wp-block-spacer\"><\/div>\n\n\n\n<div class=\"wp-block-group alignwide has-global-padding is-layout-constrained wp-block-group-is-layout-constrained\">\n<main class=\"wp-block-group alignwide has-global-padding is-layout-constrained wp-container-core-group-is-layout-9a4f38d0 wp-block-group-is-layout-constrained\" style=\"margin-top:0;margin-bottom:0;padding-right:0;padding-left:0\">\n<div class=\"wp-block-group alignwide has-global-padding is-layout-constrained wp-container-core-group-is-layout-a5dd074b wp-block-group-is-layout-constrained\">\n<p class=\"has-text-align-center has-heading-font-family\" style=\"margin-top:0;margin-bottom:0;font-size:clamp(1.93rem, 1.93rem + ((1vw - 0.2rem) * 2.45), 3.4rem);\"><strong><mark style=\"background-color:rgba(0, 0, 0, 0);color:#2b3f8a\" class=\"has-inline-color\"><strong>Die Berater*innen der Techniker Krankenkasse:<\/strong><\/mark><\/strong><\/p>\n<\/div>\n<\/main>\n\n\n\n<div class=\"wp-block-group alignfull has-global-padding is-layout-constrained wp-block-group-is-layout-constrained\">\n<div class=\"wp-block-columns alignwide is-layout-flex wp-container-core-columns-is-layout-28f84493 wp-block-columns-is-layout-flex\">\n<div class=\"wp-block-column is-layout-flow wp-block-column-is-layout-flow\" style=\"flex-basis:33%\">\n<figure class=\"wp-block-image size-full\"><img loading=\"lazy\" decoding=\"async\" width=\"1280\" height=\"1210\" src=\"https:\/\/netzwerkgesundehochschulennord.de\/wp-content\/uploads\/2025\/11\/silhouette-of-a-man-36181_1280.png\" alt=\"\" class=\"wp-image-684\" style=\"aspect-ratio:1;object-fit:cover\" srcset=\"https:\/\/netzwerkgesundehochschulennord.de\/wp-content\/uploads\/2025\/11\/silhouette-of-a-man-36181_1280.png 1280w, https:\/\/netzwerkgesundehochschulennord.de\/wp-content\/uploads\/2025\/11\/silhouette-of-a-man-36181_1280-300x284.png 300w, https:\/\/netzwerkgesundehochschulennord.de\/wp-content\/uploads\/2025\/11\/silhouette-of-a-man-36181_1280-1024x968.png 1024w, https:\/\/netzwerkgesundehochschulennord.de\/wp-content\/uploads\/2025\/11\/silhouette-of-a-man-36181_1280-768x726.png 768w\" sizes=\"auto, (max-width: 1280px) 100vw, 1280px\" \/><\/figure>\n<\/div>\n\n\n\n<div class=\"wp-block-column is-layout-flow wp-block-column-is-layout-flow\" style=\"flex-basis:33%\">\n<figure class=\"wp-block-image size-large\"><img decoding=\"async\" src=\"https:\/\/www.imb.org\/students\/wp-content\/uploads\/sites\/4\/2023\/08\/woman-head-silhouette-png-black-and-white-download-female-silhouette-head-11563010560sqe7wt34hg.png\" alt=\"\" style=\"aspect-ratio:1;object-fit:cover\"\/><\/figure>\n<\/div>\n\n\n\n<div class=\"wp-block-column is-layout-flow wp-block-column-is-layout-flow\" style=\"flex-basis:33%\"><\/div>\n<\/div>\n\n\n\n<div class=\"wp-block-columns alignfull are-vertically-aligned-top has-small-font-size is-layout-flex wp-container-core-columns-is-layout-5a67ddcc wp-block-columns-is-layout-flex\" style=\"margin-bottom:0;padding-right:var(--wp--preset--spacing--50);padding-left:var(--wp--preset--spacing--50)\">\n<div class=\"wp-block-column is-vertically-aligned-top has-text-color has-link-color has-medium-font-size wp-elements-43696586f3fc3fa5bfc4a73b15216413 is-layout-flow wp-block-column-is-layout-flow\" style=\"border-style:none;border-width:0px;border-radius:0px;color:#000000;padding-top:0.5em;padding-right:0.5em;padding-bottom:0.5em;padding-left:0.5em\">\n<h2 class=\"wp-block-heading has-text-align-center is-style-default\" id=\"single\" style=\"font-size:clamp(0.929em, 0.929rem + ((1vw - 0.2em) * 0.785), 1.4em);\"><mark style=\"background-color:rgba(0, 0, 0, 0);color:#2b3f8a\" class=\"has-inline-color\"><strong>Stephan Bartels<\/strong><\/mark><br><mark style=\"background-color:rgba(0, 0, 0, 0);color:#2b3f8a\" class=\"has-inline-color\">Betriebliches Gesundheitsmanagement<\/mark><\/h2>\n<\/div>\n\n\n\n<div class=\"wp-block-column is-vertically-aligned-top has-text-color has-medium-font-size is-layout-flow wp-block-column-is-layout-flow\" style=\"border-style:none;border-width:0px;border-radius:0px;color:#000000;padding-top:0.5em;padding-right:0.5em;padding-bottom:0.5em;padding-left:0.5em\">\n<h2 class=\"wp-block-heading has-text-align-center is-style-default\" id=\"single\" style=\"font-size:clamp(0.929em, 0.929rem + ((1vw - 0.2em) * 0.785), 1.4em);\"><mark style=\"background-color:rgba(0, 0, 0, 0);color:#2b3f8a\" class=\"has-inline-color\"><strong>Sascha Gutmann<\/strong><\/mark><br><mark style=\"background-color:rgba(0, 0, 0, 0);color:#2b3f8a\" class=\"has-inline-color\">Berater Betriebliches Gesundheitsmanagement&nbsp;<\/mark><\/h2>\n<\/div>\n\n\n\n<div class=\"wp-block-column is-vertically-aligned-top has-text-color has-link-color has-medium-font-size wp-elements-a2526fb4c17e173e64e76de2e2858845 is-layout-flow wp-block-column-is-layout-flow\" style=\"border-style:none;border-width:0px;border-radius:0px;color:#000000;padding-top:0.5em;padding-right:0.5em;padding-bottom:0.5em;padding-left:0.5em\">\n<h2 class=\"wp-block-heading has-text-align-center is-style-default\" id=\"single\" style=\"font-size:clamp(0.875em, 0.875rem + ((1vw - 0.2em) * 0.208), 1em);\"><\/h2>\n<\/div>\n<\/div>\n<\/div>\n<\/div>\n\n\n\n<div style=\"height:3em\" aria-hidden=\"true\" class=\"wp-block-spacer\"><\/div>\n\n\n\n<div class=\"wp-block-group alignfull has-global-padding is-layout-constrained wp-container-core-group-is-layout-a5dd074b wp-block-group-is-layout-constrained\">\n<hr class=\"wp-block-separator alignwide has-text-color has-alpha-channel-opacity has-background is-style-wide\" style=\"background-color:#2b3f8a;color:#2b3f8a\"\/>\n<\/div>\n","protected":false},"excerpt":{"rendered":"<p>Unser Team Team der NGH-Nord mit der TK Das Koordinationsteam des Netzwerks:&nbsp; Prof.in Dr.in Maike WagenaarProjektleitung Niklas Wittber Niklas Br\u00e4hler-Dieling Adri\u00e1n Valdez Annika K\u00f6hler Email: f5-netzwerknord@hs-hannover.de Die Berater*innen der Techniker Krankenkasse: Stephan BartelsBetriebliches Gesundheitsmanagement Sascha GutmannBerater Betriebliches Gesundheitsmanagement&nbsp;<\/p>\n","protected":false},"author":1,"featured_media":0,"parent":0,"menu_order":0,"comment_status":"open","ping_status":"closed","template":"","meta":{"footnotes":""},"class_list":["post-176","page","type-page","status-publish","hentry"],"_links":{"self":[{"href":"https:\/\/netzwerkgesundehochschulennord.de\/index.php?rest_route=\/wp\/v2\/pages\/176","targetHints":{"allow":["GET"]}}],"collection":[{"href":"https:\/\/netzwerkgesundehochschulennord.de\/index.php?rest_route=\/wp\/v2\/pages"}],"about":[{"href":"https:\/\/netzwerkgesundehochschulennord.de\/index.php?rest_route=\/wp\/v2\/types\/page"}],"author":[{"embeddable":true,"href":"https:\/\/netzwerkgesundehochschulennord.de\/index.php?rest_route=\/wp\/v2\/users\/1"}],"replies":[{"embeddable":true,"href":"https:\/\/netzwerkgesundehochschulennord.de\/index.php?rest_route=%2Fwp%2Fv2%2Fcomments&post=176"}],"version-history":[{"count":92,"href":"https:\/\/netzwerkgesundehochschulennord.de\/index.php?rest_route=\/wp\/v2\/pages\/176\/revisions"}],"predecessor-version":[{"id":1106,"href":"https:\/\/netzwerkgesundehochschulennord.de\/index.php?rest_route=\/wp\/v2\/pages\/176\/revisions\/1106"}],"wp:attachment":[{"href":"https:\/\/netzwerkgesundehochschulennord.de\/index.php?rest_route=%2Fwp%2Fv2%2Fmedia&parent=176"}],"curies":[{"name":"wp","href":"https:\/\/api.w.org\/{rel}","templated":true}]}}