{"id":158,"date":"2025-07-02T19:30:41","date_gmt":"2025-07-02T17:30:41","guid":{"rendered":"https:\/\/netzwerkgesundehochschulennord.de\/?page_id=158"},"modified":"2025-12-12T00:22:24","modified_gmt":"2025-12-11T23:22:24","slug":"steuerungsgremium","status":"publish","type":"page","link":"https:\/\/netzwerkgesundehochschulennord.de\/?page_id=158","title":{"rendered":"Steuerungsgremium"},"content":{"rendered":"\n<div style=\"height:4em\" aria-hidden=\"true\" class=\"wp-block-spacer\"><\/div>\n\n\n\n<main class=\"wp-block-group alignwide has-global-padding is-layout-constrained wp-container-core-group-is-layout-9a4f38d0 wp-block-group-is-layout-constrained\" style=\"margin-top:0;margin-bottom:0;padding-right:0;padding-left:0\">\n<div class=\"wp-block-group alignwide has-global-padding is-layout-constrained wp-container-core-group-is-layout-a5dd074b wp-block-group-is-layout-constrained\">\n<p class=\"has-text-align-center has-heading-font-family\" style=\"margin-top:0;margin-bottom:0;font-size:clamp(1.93rem, 1.93rem + ((1vw - 0.2rem) * 2.45), 3.4rem);\"><strong><mark style=\"background-color:rgba(0, 0, 0, 0);color:#2b3f8a\" class=\"has-inline-color\">Steuerungsgremium<\/mark><\/strong><\/p>\n<\/div>\n<\/main>\n\n\n\n<div class=\"wp-block-group alignfull has-global-padding is-layout-constrained wp-block-group-is-layout-constrained\">\n<div class=\"wp-block-columns alignfull are-vertically-aligned-bottom is-layout-flex wp-container-core-columns-is-layout-28f84493 wp-block-columns-is-layout-flex\">\n<div class=\"wp-block-column is-vertically-aligned-bottom is-layout-flow wp-block-column-is-layout-flow\" style=\"flex-basis:5%\"><\/div>\n\n\n\n<div class=\"wp-block-column is-vertically-aligned-bottom is-layout-flow wp-block-column-is-layout-flow\" style=\"flex-basis:90%\">\n<figure class=\"wp-block-image aligncenter size-full is-resized\"><img loading=\"lazy\" decoding=\"async\" width=\"1920\" height=\"2560\" src=\"https:\/\/netzwerkgesundehochschulennord.de\/wp-content\/uploads\/2025\/07\/Bild-Gesamtes-Team-mit-TK-scaled.jpeg\" alt=\"\" class=\"wp-image-199\" style=\"aspect-ratio:1.7777777777777777;object-fit:cover;width:1099px;height:auto\" srcset=\"https:\/\/netzwerkgesundehochschulennord.de\/wp-content\/uploads\/2025\/07\/Bild-Gesamtes-Team-mit-TK-scaled.jpeg 1920w, https:\/\/netzwerkgesundehochschulennord.de\/wp-content\/uploads\/2025\/07\/Bild-Gesamtes-Team-mit-TK-225x300.jpeg 225w, https:\/\/netzwerkgesundehochschulennord.de\/wp-content\/uploads\/2025\/07\/Bild-Gesamtes-Team-mit-TK-768x1024.jpeg 768w, https:\/\/netzwerkgesundehochschulennord.de\/wp-content\/uploads\/2025\/07\/Bild-Gesamtes-Team-mit-TK-1152x1536.jpeg 1152w, https:\/\/netzwerkgesundehochschulennord.de\/wp-content\/uploads\/2025\/07\/Bild-Gesamtes-Team-mit-TK-1536x2048.jpeg 1536w\" sizes=\"auto, (max-width: 1920px) 100vw, 1920px\" \/><figcaption class=\"wp-element-caption\">v.l.n.r. Niklas Wittber, Dr.in Miriam Fr\u00f6hlich-Tovar, Annika K\u00f6hler, Michael B\u00f6dow, Prof.in Dr.in Maike Wagenaar, Lennart Ha\u00df, Niklas Br\u00e4hler-Dieling<\/figcaption><\/figure>\n<\/div>\n\n\n\n<div class=\"wp-block-column is-vertically-aligned-bottom is-layout-flow wp-block-column-is-layout-flow\" style=\"flex-basis:5%\"><\/div>\n<\/div>\n<\/div>\n\n\n\n<div style=\"height:1rem\" aria-hidden=\"true\" class=\"wp-block-spacer\"><\/div>\n\n\n\n<div class=\"wp-block-group alignfull has-x-large-font-size has-global-padding is-layout-constrained wp-container-core-group-is-layout-0a39e234 wp-block-group-is-layout-constrained\" style=\"margin-top:0;margin-bottom:0;padding-top:0;padding-bottom:0\">\n<p class=\"has-medium-font-size\">Das <strong><mark style=\"background-color:rgba(0, 0, 0, 0);color:#2b3f8a\" class=\"has-inline-color\">Steuerungsgremium<\/mark><\/strong> des Netzwerks besteht aus dem Koordinationsteam der Hochschule Hannover, den\u00a0Vertreter*innen der Techniker Krankenkasse sowie aktuell <strong><mark style=\"background-color:rgba(0, 0, 0, 0);color:#2b3f8a\" class=\"has-inline-color\">Vertreter*innen von\u00a0vier\u00a0offiziellen Mitgliedshochschulen<\/mark><\/strong>:<\/p>\n\n\n\n<div class=\"wp-block-group alignfull is-content-justification-center is-nowrap is-layout-flex wp-container-core-group-is-layout-23441af8 wp-block-group-is-layout-flex\">\n<p class=\"has-medium-font-size\"><strong><mark style=\"background-color:rgba(0, 0, 0, 0);color:#2b3f8a\" class=\"has-inline-color\">Hochschule Hannover<\/mark><\/strong><\/p>\n\n\n\n<p class=\"has-text-align-center has-medium-font-size wp-container-content-b04ba3db\"><strong><mark style=\"background-color:rgba(0, 0, 0, 0);color:#2b3f8a\" class=\"has-inline-color\">\u2014<\/mark><\/strong><\/p>\n\n\n\n<p class=\"has-medium-font-size\"><strong><mark style=\"background-color:rgba(0, 0, 0, 0);color:#2b3f8a\" class=\"has-inline-color\">Universit\u00e4t Rostock<\/mark><\/strong><\/p>\n\n\n\n<p class=\"has-text-align-center has-medium-font-size wp-container-content-b04ba3db\"><strong><mark style=\"background-color:rgba(0, 0, 0, 0);color:#2b3f8a\" class=\"has-inline-color\">\u2014<\/mark><\/strong><\/p>\n\n\n\n<p class=\"has-medium-font-size\"><strong><mark style=\"background-color:rgba(0, 0, 0, 0);color:#2b3f8a\" class=\"has-inline-color\">Universit\u00e4t Greifswald<\/mark><\/strong><\/p>\n\n\n\n<p class=\"has-text-align-center has-medium-font-size wp-container-content-b04ba3db\"><strong><mark style=\"background-color:rgba(0, 0, 0, 0);color:#2b3f8a\" class=\"has-inline-color\">\u2014<\/mark><\/strong><\/p>\n\n\n\n<p class=\"has-medium-font-size\"><strong><mark style=\"background-color:rgba(0, 0, 0, 0);color:#2b3f8a\" class=\"has-inline-color\">HAW Hamburg<\/mark><\/strong><\/p>\n<\/div>\n\n\n\n<hr class=\"wp-block-separator has-text-color has-alpha-channel-opacity has-background is-style-wide\" style=\"background-color:#2b3f8a;color:#2b3f8a\"\/>\n<\/div>\n\n\n\n<div class=\"wp-block-group alignfull has-x-large-font-size has-global-padding is-layout-constrained wp-container-core-group-is-layout-0a39e234 wp-block-group-is-layout-constrained\" style=\"margin-top:0;margin-bottom:0;padding-top:0;padding-bottom:0\">\n<div class=\"wp-block-group has-global-padding is-layout-constrained wp-block-group-is-layout-constrained\">\n<div style=\"height:2rem\" aria-hidden=\"true\" class=\"wp-block-spacer\"><\/div>\n\n\n\n<h2 class=\"wp-block-heading has-text-align-center\"><strong><mark style=\"background-color:rgba(0, 0, 0, 0);color:#2b3f8a\" class=\"has-inline-color\">Unsere Aufgaben:<\/mark><\/strong><\/h2>\n<\/div>\n\n\n\n<div class=\"wp-block-group has-global-padding is-content-justification-left is-layout-constrained wp-container-core-group-is-layout-414f9025 wp-block-group-is-layout-constrained\">\n<ul class=\"wp-block-list is-style-default\">\n<li class=\"has-medium-font-size\">verantwortet und <strong><mark style=\"background-color:rgba(0, 0, 0, 0);color:#2b3f8a\" class=\"has-inline-color\">koordiniert die Vor-und Nachbereitung der Netzwerkkonferenzen<\/mark><\/strong> (inhaltlich und organisatorisch).<br><br><\/li>\n\n\n\n<li class=\"has-medium-font-size\">\u00fcbernimmt die <strong><mark style=\"background-color:rgba(0, 0, 0, 0);color:#2b3f8a\" class=\"has-inline-color\">Interessenvertretung<\/mark><\/strong> der Hochschulen.<br><br><\/li>\n\n\n\n<li class=\"has-medium-font-size\">entscheidet \u00fcber <strong><mark style=\"background-color:rgba(0, 0, 0, 0);color:#2b3f8a\" class=\"has-inline-color\">strategische Entwicklungen<\/mark><\/strong> des Netzwerks.<br><\/li>\n<\/ul>\n<\/div>\n\n\n\n<hr class=\"wp-block-separator has-text-color has-alpha-channel-opacity has-background is-style-wide\" style=\"background-color:#2b3f8a;color:#2b3f8a\"\/>\n<\/div>\n","protected":false},"excerpt":{"rendered":"<p>Steuerungsgremium Das Steuerungsgremium des Netzwerks besteht aus dem Koordinationsteam der Hochschule Hannover, den\u00a0Vertreter*innen der Techniker Krankenkasse sowie aktuell Vertreter*innen von\u00a0vier\u00a0offiziellen Mitgliedshochschulen: Hochschule Hannover \u2014 Universit\u00e4t Rostock \u2014 Universit\u00e4t Greifswald \u2014 HAW Hamburg Unsere Aufgaben:<\/p>\n","protected":false},"author":1,"featured_media":0,"parent":0,"menu_order":0,"comment_status":"open","ping_status":"closed","template":"","meta":{"footnotes":""},"class_list":["post-158","page","type-page","status-publish","hentry"],"_links":{"self":[{"href":"https:\/\/netzwerkgesundehochschulennord.de\/index.php?rest_route=\/wp\/v2\/pages\/158","targetHints":{"allow":["GET"]}}],"collection":[{"href":"https:\/\/netzwerkgesundehochschulennord.de\/index.php?rest_route=\/wp\/v2\/pages"}],"about":[{"href":"https:\/\/netzwerkgesundehochschulennord.de\/index.php?rest_route=\/wp\/v2\/types\/page"}],"author":[{"embeddable":true,"href":"https:\/\/netzwerkgesundehochschulennord.de\/index.php?rest_route=\/wp\/v2\/users\/1"}],"replies":[{"embeddable":true,"href":"https:\/\/netzwerkgesundehochschulennord.de\/index.php?rest_route=%2Fwp%2Fv2%2Fcomments&post=158"}],"version-history":[{"count":45,"href":"https:\/\/netzwerkgesundehochschulennord.de\/index.php?rest_route=\/wp\/v2\/pages\/158\/revisions"}],"predecessor-version":[{"id":891,"href":"https:\/\/netzwerkgesundehochschulennord.de\/index.php?rest_route=\/wp\/v2\/pages\/158\/revisions\/891"}],"wp:attachment":[{"href":"https:\/\/netzwerkgesundehochschulennord.de\/index.php?rest_route=%2Fwp%2Fv2%2Fmedia&parent=158"}],"curies":[{"name":"wp","href":"https:\/\/api.w.org\/{rel}","templated":true}]}}